90. Let p(i) = 3*i - 27. What is the tens digit of p(l)?
6
Let d be (-12)/(-3) - (6 - 5). What is the units digit of 5 - (2 + d) - -49?
9
Suppose u - 10 = -q, u - 13*q = -8*q - 2. Suppose -u*l + 1671 = -153. What is the hundreds digit of l?
2
Suppose -4*k = 284 + 108. Let a = -110 - -56. Let r = a - k. What is the tens digit of r?
4
Suppose -665 = -c - 255. Suppose -3*y + c = 125. Suppose 4*s + s = y. What is the units digit of s?
9
Let u = -42 - -43. Suppose 3*z + u = -2*r, 2*r - 3*z - 22 = r. Suppose r*v = 8 + 27. What is the units digit of v?
5
Let t = 61645 - 27743. What is the thousands digit of t?
3
Suppose 2*r = 5*k - 24593, -k = r + 1034 - 5954. What is the thousands digit of k?
4
What is the tens digit of (11 - (-184)/(-16))/((-1)/18364)?
8
Suppose 0 = a - 1663 - 8776 - 977. What is the units digit of a?
6
Suppose -12745 = -b + c, 84*b + 38233 = 87*b - 4*c. What is the tens digit of b?
4
Suppose 111*l - 10 = 109*l. Suppose 521 + 107 = l*s - 3*o, -4*o + 371 = 3*s. What is the units digit of s?
5
Let x be (-2 - -3)/(-1*(-1)/3). Suppose -2*t = u - 268, -2*u + 364 = x*t - 175. What is the tens digit of u?
7
Suppose 498632 = -65*v + 318155 + 4423027. What is the thousands digit of v?
5
What is the hundreds digit of ((2 + -1)*-14636)/(1*48/(-36))?
9
Let b(y) = -4*y**2 - 29*y - 40. Let k(r) = r**2 + r - 1. Let j(w) = -b(w) + k(w). What is the hundreds digit of j(-12)?
3
Let k(l) = 4*l**2 + 2*l. Let z be k(6). Let p be 4/14 - z/(-91). Suppose 25 = -5*o, p*x + o - 173 = 4*o. What is the units digit of x?
9
Let n(z) = 18*z**2 - 9*z + 3230. What is the thousands digit of n(-44)?
8
What is the thousands digit of 70685*(186/10 + -18)?
2
Suppose -3*r = -10*r + 12565. Suppose -2*m + r = -351. What is the units digit of m?
3
Suppose 37*v = 32*v + 25, v = -2*l + 277. Suppose -l = 3*c - 1828. What is the hundreds digit of c?
5
What is the thousands digit of (-16702)/21*(-3105)/138?
7
Let s(y) = 34*y**2 + 245*y + 42. What is the hundreds digit of s(17)?
0
Suppose -5*m = 22*u - 1250928, -56883 = -u + 9*m - 13*m. What is the hundreds digit of u?
8
Let k = 4 - 30. Let t be ((-13)/k)/(2/8). What is the units digit of (1 - -1) + 92/t?
8
Suppose 0 = 3*n + 4*j - 3*j - 87851, -5*j - 117179 = -4*n. What is the ten thousands digit of n?
2
Let w(q) = q**2 - 5. Let c be w(-4). Let u(y) be the first derivative of 25*y**2/2 - 31*y - 239. What is the hundreds digit of u(c)?
2
Let d(x) = -16 + 1 + 0 + 0 - 72*x - 11. What is the tens digit of d(-3)?
9
Let j(l) be the third derivative of -l**4/12 - l**3/3 + 8*l**2. Let w be j(0). What is the units digit of ((-3 + 5)/w)/(1/(-27))?
7
Suppose 9*t - 16 = t. Suppose s + 3*c = 192, c = t*s + 232 - 616. What is the tens digit of s?
9
Suppose -5*i + 3*x + 288515 = 0, 0 = -4*i - x + 1697 + 229132. What is the units digit of i?
6
Suppose -18*l + 26 = -5*l. Suppose 4*t - 3*a + 1742 = 0, 0 = 2*a + 2 + l. What is the tens digit of 3/5 - t/5?
8
Let y(q) = 2*q**2 + 4*q + 8. Let n be y(-2). What is the thousands digit of -9 + n/2 - -1008?
1
Let p be 5/(10/24)*32/12. Let j be p/(-18) + 12/(-54). What is the units digit of 38 + (4 - 5) + (-2 - j)?
7
Suppose -10292 = 4*w + 4*d, -3*w - 4*d = -2*d + 7717. Let v = w - -3702. What is the units digit of v?
1
Let w = -14411 + 19767. What is the tens digit of w?
5
What is the tens digit of (-11 - 13/13) + 12 - (-4164 - 0)?
6
Suppose -4*a + a + 36 = 0. Let y(m) = m**3 - 11*m**2 - 3*m + 42. What is the tens digit of y(a)?
5
Let a = -105090 - -155998. What is the hundreds digit of a?
9
Let b(v) = -v**3 + 23*v**2 - 21*v - 18. Suppose 0 = 3*k + 5 - 71. Let g be b(k). Suppose g*h = 5*d - 34, -2*h = -d - 2*d + 22. What is the tens digit of d?
1
Let r(b) = 306*b**2 + 10*b - 10. Let z be r(1). Let m = 408 - z. What is the units digit of m?
2
Suppose c = 2*c - 23590 + 13778. What is the units digit of c?
2
Let w = -8386 - -27830. What is the ten thousands digit of w?
1
What is the units digit of 3/21 - (29 - 30792/56)?
1
Let a(g) = -g**2 - 8*g + 45. Let i be a(-10). Let q be 6960/i + 2 + (-2)/5. Suppose -q = -15*o + 155. What is the tens digit of o?
2
Let f be (-378)/72 + (-2*1)/(-8). Let v be (11 - -1)*f/15. What is the tens digit of 43*(1 + 1) - v?
9
Suppose k - 8 = -3*k. Suppose 9 = k*c - 115. Suppose -15 = -z + 5*o, -4*z - 4*o + 70 = -c. What is the tens digit of z?
3
Let l = -396 - -393. Let k(w) = -41*w**3 - 8*w + 10. What is the tens digit of k(l)?
4
Let r = -42 + 800. Let g = 276 + r. What is the hundreds digit of g?
0
Let g be 4/(-10) + 27/5. Let n(v) be the second derivative of v**4/4 - 13*v**3/6 + 3*v**2 - 296*v. What is the tens digit of n(g)?
1
Let n(f) = 50*f + 72. Let u be n(8). Let z(c) = -162*c. Let i be z(-4). Suppose u + i = 10*d. What is the tens digit of d?
1
Let z be 698/18 + (-18)/405*-5. What is the tens digit of (-8)/52 - (-40605)/z?
4
Let l(o) = 38*o + 289. What is the tens digit of l(5)?
7
Suppose 0 = -5*x + 95996 - 5831. What is the thousands digit of x?
8
Let h = 17375 - 11322. What is the thousands digit of h?
6
Suppose -23 = -g - 20. Suppose -4*o + 5*l + 1232 = 0, -2*l - 924 = g*o - 6*o. What is the tens digit of o?
0
Suppose 57*j = -5*q + 62*j + 44705, -4*j = -q + 8959. What is the thousands digit of q?
8
Let p = 32 - 36. Let s = -1 - p. Suppose 166 = 5*b + 4*a, 0*b - 42 = -b - s*a. What is the units digit of b?
0
Suppose 17*w - 7033 = 62191. What is the hundreds digit of w?
0
Suppose x = -2*d - 20, 5*x + 5*d = d - 94. What is the tens digit of 3/x + 57474/108?
3
Let l = -340 + 344. What is the thousands digit of 13224/10 - l*5/50?
1
Let g = 269 - 269. Suppose g = 18*z + 839 - 9569. What is the hundreds digit of z?
4
Let m = -56 + 53. Let a be 137/7 - (-2)/(-14)*m. Suppose 3*o = 4*n + a + 4, 4*o - 36 = 4*n. What is the tens digit of o?
1
Let u(c) = -c**2 + c + 9. Let p be u(0). Suppose -p = -n - 12. Let g(b) = -25*b - 17. What is the units digit of g(n)?
8
Suppose 4*p = 9*p - 5*d + 1250, 0 = -4*p + 3*d - 1000. Suppose 0 = -5*n + n - 3*k + 1514, 2*k - 4 = 0. Let j = n + p. What is the tens digit of j?
2
Let l be 4 + 0 - (-10 - -8). Suppose 0 = -5*g - 3*v + 1650, 4*g + l*v - 1317 = 3*v. What is the units digit of g?
3
Suppose -4*c = -5*q - 0*q - 1880, -5*q = 3*c + 1845. Let l = q - -488. What is the hundreds digit of l?
1
Suppose -237*y = 4*m - 234*y - 7371, 0 = -4*y - 12. What is the units digit of m?
5
Let g = -12084 + 30689. What is the thousands digit of g?
8
What is the tens digit of 3*(-154)/84*-1802?
1
Let g(z) = -16*z + 2 - 4 - 3*z**2 - 7 + 0*z**2. Let a be g(-4). Let o(k) = 4*k**2 - 10*k + 43. What is the units digit of o(a)?
9
Let y = 66159 + -24883. What is the units digit of y?
6
Suppose -20*r = -15*r - 1760. Suppose 0 = 5*b - r - 3693. What is the units digit of b?
9
Suppose 96*l - 3*h - 64392 = 91*l, -l + 12864 = 3*h. What is the units digit of l?
6
Suppose -6*g - 8 = -5*g + 5*m, -5*m = 5. Let l be 0 + (g - 1/(-1)). What is the units digit of 10/(-15)*(553/l + -1)?
5
Suppose 2*s - 2 - 66 = -4*o, 20 = -4*o. Let d = 42 - s. What is the units digit of -1*(d/(-1))/(4/(-110))?
5
Let q(l) = -15*l**3 - 5*l**2 + 5*l - 14. What is the tens digit of q(-4)?
4
Suppose 0 = -2*x + x + 9. Let n be x/((-486)/(-12)) - (-4)/(-18). Suppose 4*j - 4*w - 208 = 0, n*j = 4*j - w - 205. What is the units digit of j?
1
What is the thousands digit of (-3)/((-15)/19)*13164715/1037?
8
Suppose -20*t - 166 - 54 = 0. What is the hundreds digit of 383 + (-5 - t) + -9?
3
Suppose -1485*p - 12600 = -1510*p. What is the tens digit of p?
0
Let p = -16164 + 31230. What is the tens digit of p?
6
Suppose 0 = 30*r - 22*r + 32. What is the hundreds digit of ((-2)/r)/(5/(-20)) - -399?
3
What is the thousands digit of 130/2275 + (-488736)/(-70)?
6
What is the hundreds digit of 272/102*43278/4?
8
Suppose -16*v - 22518 = 2*v. Let l = v + 1976. What is the units digit of l?
5
Let w = 165 - -9. Let h(t) = -16*t**2 + 11*t - 13. Let s be h(3). Let j = w + s. What is the tens digit of j?
5
Let b = 6622 + -852. What is the tens digit of b?
7
Let n(k) = -k**2 - 147*k - 2181. What is the units digit of n(-97)?
9
Suppose 9*b + 10514 = -7432. Let l = b - -2909. What is the hundreds digit of l?
9
Let y(p) = -27*p**3 - 2*p**2 - 36*p - 3. What is the thousands digit of y(-9)?
9
Suppose 31*a - 9 = -40. What is the uni